 divisor of m and 1.
1
Suppose 2*g + 2*m - 10 = 0, -6*m - 5 = -m. Let l be (-7 - -19) + 1*-1. Suppose 3 = -4*w + l. Calculate the highest common factor of w and g.
2
Suppose 3*a + 224 = 7*a. Calculate the greatest common factor of a and 24.
8
Let j be (-5)/(-15) + 94/6. What is the greatest common factor of 32 and j?
16
Let n = -6 + 14. Let i = 30 - n. Let w(d) = 32*d**2 - d. Let q be w(-1). Calculate the greatest common factor of q and i.
11
Suppose -5*c + 855 = g + 3*g, -5*g = -4*c + 684. What is the highest common divisor of c and 19?
19
Let h be 258/9*(-15)/(-10). What is the greatest common divisor of h and 43?
43
Let d(u) = 2*u**2 - 38*u - 21. Let g be d(20). Let x(j) = -3*j**2 - 4*j + 5. Let p be x(-6). Let a = 130 - p. What is the greatest common divisor of a and g?
19
Let r be (-104)/(-36) + (-1)/(-9). What is the greatest common factor of 9 and r?
3
Suppose 3*z - 4*t = -z - 32, 4*z = -3*t - 60. Let l be 1/((z/20)/(-3)). What is the highest common factor of 55 and l?
5
Let t(p) = -p**2 + 12*p - 22. Let x be t(8). What is the greatest common divisor of 30 and x?
10
Let m = -5 + 9. Let q be -22*((-14)/m - -3). What is the greatest common divisor of q and 11?
11
Let s be (-112)/(-6) - 4/6. Let p = 4 + 3. Suppose -5*t = -3*h + 37, -2*h + 3 + p = 4*t. Calculate the greatest common factor of s and h.
9
Suppose t = -4*t - 50. Let i be (-4)/(-10) - 76/t. What is the highest common factor of 24 and i?
8
Let i be ((-1)/3)/((5/120)/(-1)). Calculate the greatest common divisor of 8 and i.
8
Let j = 5 - -3. What is the greatest common factor of j and 12?
4
Let f = -5 + 8. Suppose -n = -f*n + 46. Let q be n/1 + (-2 - -1). What is the greatest common divisor of 176 and q?
22
Suppose k = 2*k + 5*w + 7, -2 = 2*w. Suppose 0 = -4*u + 4*a + 56, -2*a = 4*u - 0*a - 74. Let g = u + k. Calculate the greatest common factor of g and 10.
5
Suppose 3*b + n = 6, -b + 0*b = -n - 6. Let i be (b/(-3))/((-2)/26). Calculate the greatest common divisor of 52 and i.
13
Let w = 22 - 6. What is the highest common factor of w and 128?
16
Let n(f) = f**2 + 9*f - 5. Let l be n(-11). Calculate the highest common factor of l and 153.
17
Let h be (1 - -2)/(((-18)/(-300))/1). What is the greatest common factor of 10 and h?
10
Let m be (-10)/25 + (-354)/(-10). What is the greatest common divisor of m and 175?
35
Let g(c) = 7*c + 15. Let q be g(-6). Let j = 31 + q. Calculate the highest common divisor of 4 and j.
4
Let h = 1 + -3. Let q(a) = -13*a + 1. Let i be q(h). Calculate the greatest common divisor of 9 and i.
9
Let n = 14 - -3. What is the greatest common divisor of n and 85?
17
Suppose -36 = -4*p + 16. Let v(t) = -t + 6. Suppose -14 + 0 = 2*q. Let y be v(q). Calculate the highest common factor of p and y.
13
Let z(d) = d**2 + 5. Let y be z(-4). Suppose -y = -4*a + t, 2*t = -a - 3*t. Suppose -2 = a*b - 12. Calculate the greatest common divisor of b and 2.
2
Let m = -26 - -22. Let l be -8*(0 - (-6)/m). What is the greatest common factor of l and 12?
12
Let x = 6 - 3. Let a(c) = c. Let g be a(0). Suppose g = -2*r + x - 1. Calculate the highest common factor of r and 1.
1
Suppose -2*s = 4*m - 16, -2*s + 7*m = 2*m - 25. Suppose 5 + s = 5*a. Calculate the highest common divisor of a and 21.
3
Let a(j) = -j**2 + 17*j - 27. Let p be a(15). Let c = 2 - 0. Suppose 3*y - c*y = 27. Calculate the highest common divisor of y and p.
3
Let t be -3 - (2*6)/(-1). Let h(y) = y - 8. Let q be h(t). Calculate the greatest common divisor of q and 11.
1
Let r be (-3414)/(-18) - (-4)/12. Calculate the greatest common divisor of r and 76.
38
Let c be (-6)/(-3) - 5 - -6. Suppose 0 = -c*u + 11 - 2. Suppose 40 = -2*l + u*l. Calculate the highest common factor of l and 10.
10
Let r be (8/6)/((-3)/(-9)). Calculate the highest common factor of 1 and r.
1
Let f = 11 - -4. Let x be (-5)/(-2)*42/f. What is the highest common factor of 49 and x?
7
Suppose -2 = 2*i + 2. Let c be (12/i)/((-2)/12). Suppose 2*n - 8 = x - 2*n, 0 = -4*x - n + 53. Calculate the highest common divisor of c and x.
12
Let d = -121 + 264. Calculate the highest common divisor of 13 and d.
13
Let u be ((-2)/6)/((-4)/312). What is the greatest common divisor of u and 78?
26
Let i be 2/4*(-7 + 17). Calculate the greatest common factor of i and 5.
5
Let i(y) = 2*y**2 + 4*y**3 + 2*y - 2*y**3 - 3*y**3 - y**2 + 1. Let m be i(-3). Calculate the highest common factor of 279 and m.
31
Let k(h) = h**2 + 7*h + 14. Let v be k(-6). What is the highest common factor of 1 and v?
1
Let f(u) = u**2 - 4*u + 4. Let l be f(-4). Let h be l/(-16)*128/(-6). Calculate the highest common divisor of 12 and h.
12
Let a be -3 + (12/(-4) - -10). Suppose 3*q + 2*g = 250, -a*q + 348 = -4*g + 48. What is the greatest common divisor of q and 16?
16
Let q(y) = -y**2 + 13*y. Let j be q(8). Let a be (-1*2 - -1) + 4. Let u be a/6 - (-31)/2. What is the greatest common divisor of j and u?
8
Suppose 0 = -4*v + 4, 3*v = -4*i + 5*v + 2. Let j(t) = -t**3 + t**2 + 2*t + 2. Let q be j(2). What is the highest common factor of q and i?
1
Let m(a) = -3*a**3 - 25*a**3 - 17*a**3 - 2*a + 3*a**2 - 4*a**2 - 1. Let r be m(-1). Calculate the greatest common factor of 5 and r.
5
Suppose 4*f = -0 + 200. Calculate the greatest common divisor of 10 and f.
10
Suppose -2*v + 5 = -v - 2*r, 3*v - 7 = 4*r. Let l be v/9 + 272/6. What is the highest common divisor of 15 and l?
15
Suppose 0 = -3*k - 0*v + 2*v + 782, 5*k - 1345 = -5*v. Let w = -40 - -73. What is the greatest common divisor of w and k?
33
Let n be ((-18)/7)/((-18)/168). What is the highest common factor of n and 72?
24
Suppose -n - 3*b + 139 = -28, -b = 2*n - 349. Calculate the highest common divisor of n and 22.
22
Let y = -13 + 16. Suppose -y*g - 3*h = 0, 0*g = -g + 4*h + 15. Calculate the greatest common divisor of g and 15.
3
Suppose 0 = 2*t + 2*x - 86, -5*x - 145 = -2*t - 2*t. What is the highest common divisor of t and 16?
8
Let h = 199 + -109. Let r(y) = 2*y + 2 + 2*y + 3*y**2 + 5*y - 4*y**2. Let v be r(8). Calculate the greatest common factor of v and h.
10
Let r be (0 - -1) + 172/4. Calculate the greatest common divisor of 11 and r.
11
Let y = 46 - 40. Calculate the highest common divisor of y and 66.
6
Let f(r) = -6*r + 44. Let g be f(0). What is the highest common factor of g and 66?
22
Let p(b) = 6*b**2 + b + 1. Let m be p(-1). What is the highest common divisor of m and 42?
6
Let c(h) = -4 + 7*h + 4 - 2 + 1. Let s be c(2). What is the highest common factor of 26 and s?
13
Suppose c + 2*z = 28 + 30, -4*z - 46 = -c. Let w be (-2)/(-4) + 213/6. Calculate the greatest common divisor of w and c.
18
Let b = 19 + -13. Let z(h) = -7*h - 2. Let t(m) = -8*m - 3. Let j(s) = 6*t(s) - 7*z(s). Let n be j(7). What is the greatest common factor of n and b?
3
Suppose -a = -5*a - 2*i + 12, -a + 4*i = -3. Calculate the greatest common divisor of a and 21.
3
Let x(g) = 25*g**3 - 2*g + 1. Let n be x(1). Calculate the highest common divisor of n and 12.
12
Let c be 3 - (1 - 1)/(-1). Suppose 0 = -z + 2*h - 10, c*z + 4*h = -0*z - 80. Let f be (115/z)/((-1)/4). What is the highest common factor of f and 115?
23
Let q be (-93)/(-9) - (-4)/6. What is the greatest common factor of 11 and q?
11
Suppose 5*v - 3*v - 14 = 0. What is the greatest common factor of 7 and v?
7
Suppose -12 = -w + 11. Calculate the highest common factor of 46 and w.
23
Let m(g) = -8*g + 5. Let k be m(5). Let t = k - -55. Suppose u + u + 52 = 4*r, -5*u = -t. Calculate the greatest common factor of r and 10.
5
Let v be (14/(-6))/((-7)/126). What is the greatest common divisor of 6 and v?
6
Let o = 7 + 7. What is the highest common factor of 42 and o?
14
Suppose 0 = 3*t - 0*t - 3. Let u be 7 + -2*1*t. Suppose -u*y + 3*y + 2 = -3*x, -y - x = -11. What is the greatest common factor of 49 and y?
7
Suppose 4*p - 30 = -x, 4*x = -4*p + 45 + 15. Calculate the greatest common divisor of x and 110.
10
Let f = -128 - -249. Suppose t = -4*k + 27, t - 4*k = 1 - 6. Calculate the greatest common divisor of t and f.
11
Suppose 5*q - 200 = i, q + 6*i - 40 = 3*i. Let c = 16 - 8. Calculate the highest common factor of q and c.
8
Suppose 3*b = -3*m + 42, -2*b = -3*b + 3*m + 22. Suppose 0*c - 4*c = 524. Let k = c + 259. Calculate the greatest common divisor of k and b.
16
Let r = 5 + -10. Let x(b